hen y(-20) is divided by g.
19
What is the remainder when 10738 is divided by ((-85)/51)/((-2)/12)?
8
Suppose 4*j = 14*j - 300. Let y = 2 + j. Suppose -16 - y = -4*b. Calculate the remainder when b is divided by 7.
5
Suppose 25*y - 20*y - 480 = 0. Suppose 592*r + 12078 = 610*r. Calculate the remainder when r is divided by y.
95
Let y(p) = 4*p**3 + 50*p**2 + 13*p + 103. What is the remainder when y(-12) is divided by (-1)/(0 - 2/118)?
58
Suppose 0 = -53*d - 169 + 2713. What is the remainder when 124 is divided by d?
28
Let s(y) be the first derivative of y**3/3 + 7*y**2/2 + 8*y - 1. Let d(n) = n**3 - 4*n**2 - 11*n + 1. Calculate the remainder when s(-9) is divided by d(6).
5
Suppose 0 = 3*w - 3*p, -2*w + 10 = 5*p - 4. Let y(b) = b**3 + 4*b**2 - 7*b + 3. Calculate the remainder when 49 is divided by y(w).
10
Suppose -3*k + 82 = -8*f + 6*f, -k - 3*f = -20. Calculate the remainder when 387 is divided by k.
23
What is the remainder when ((-1780)/80 - 4)*-4 is divided by 65?
40
Let a(k) = -k**2 + k + 16. Let s be a(6). Let c(g) = g + 25. Let l be c(s). What is the remainder when 62 is divided by (-1 + 0)/(l/(-121))?
7
Suppose 1849*q = 1854*q - 185. What is the remainder when 46 is divided by q?
9
Suppose 2*j + p - 374 = 0, 8*j = 3*j + 2*p + 953. Let l = 232 - j. What is the remainder when 167 is divided by l?
38
Suppose 155*u = 194*u - 1716. What is the remainder when 464 is divided by u?
24
Let d = 458697 + -458283. Calculate the remainder when d is divided by (-2)/(-6) - (-155)/3.
50
Calculate the remainder when 68/8 - 3053/(-2) is divided by 171.
167
Let n(a) = -a + 4. Let o be n(-5). Suppose -4*t = -7*t + o. Calculate the remainder when (-2200)/45*(-3)/4*t is divided by 16.
14
Suppose -3*z = -y + 446, 49 = -2*z - 3*y - 241. Let c = 266 + z. Calculate the remainder when c is divided by 41.
36
Let k(b) = -34*b - 2010. Calculate the remainder when k(-61) is divided by 15.
4
Let o be 29/6 + (-1)/(-6). Suppose -n - 90 = 2*i - 26, n - o*i + 99 = 0. Let d = 157 + n. What is the remainder when d is divided by 22?
17
Suppose -6*q + 2*q = -344. Suppose -6*i + i = t, -5*t = 0. Suppose 0 = -5*n + 3*j + 98, i = -n - n - 5*j + 64. Calculate the remainder when q is divided by n.
20
Suppose 2*f - 8 = q - 6*q, 0 = -3*f + 12. Suppose 5*s - 13 = -2*z + 17, q = 4*z + 3*s - 46. Calculate the remainder when 58 is divided by z.
8
Let p(h) be the first derivative of 11*h**4/2 - h**2/2 + 2*h - 38. What is the remainder when 76 is divided by p(1)?
7
Suppose 24*l - 3968 = -40*l. Calculate the remainder when 1665 is divided by l.
53
Suppose -336 = 4142*t - 4166*t. Calculate the remainder when 2950 is divided by t.
10
Suppose -2*q + 5*q + 2*z - 204 = 0, -5*q = 2*z - 340. Let t(p) = -4*p + 2. Let o be t(2). Let a = o - -24. What is the remainder when q is divided by a?
14
Suppose -c = 3*c + 32. Let u be (4/c)/((-4)/104). Let m = 26 - u. What is the remainder when 49 is divided by m?
10
Let z be 15/30 - 2/(-4). Let p(c) = 36*c + 4. What is the remainder when 103 is divided by p(z)?
23
Suppose u - 5*l - 914 = 0, -16*l = 5*u - 12*l - 4657. Calculate the remainder when u is divided by 2.
1
Let t = 18 + -4. What is the remainder when (-751)/(-8) + 159/1272 is divided by t?
10
Suppose -4*m + 48 = 40. Suppose -m*v - 7*k + 237 = -8*k, -5*v + 606 = 2*k. Let f = 135 - v. Calculate the remainder when 59 is divided by f.
14
Let l(g) = g**3 - 39*g**2 + 31*g - 622. What is the remainder when l(39) is divided by 54?
47
Let r(b) = -b**3 - 2*b**2 - 3*b + 3. Let y be r(-3). Let x(h) = 40 + 46 + 3*h + y + h**2 - 8. What is the remainder when x(0) is divided by 34?
31
Let f be (-2)/3 - (-448)/24. Let w = f + 50. Let q(x) = -x**3 + 13*x**2 - 12*x + 12. Calculate the remainder when w is divided by q(12).
8
Calculate the remainder when (-1)/(2/(-20))*(-117572)/(-952) is divided by 80.
35
Suppose -4*l - 4*g + 13 = -5*l, 4*g = 20. Let p(m) = -m - l*m**2 - 7*m + 2 + m**3 + 10*m**2 - 4*m. Calculate the remainder when 44 is divided by p(-5).
8
Suppose 6*b - 3399 = 1023. Suppose -7*a + b = 233. Suppose -6*h - 3*h + a = 0. What is the remainder when h is divided by 6?
2
Let q(v) = v**2 - 5*v - 19. Let w be q(8). Suppose -3*j + 63 = 4*u - u, -w*u - 21 = -j. What is the remainder when 230 is divided by j?
20
Let o(p) = p + 4. Let u be o(-5). Calculate the remainder when 13 is divided by (((-12)/(-5))/u)/((-60)/150).
1
Suppose 268 = k + 3*k. Let d = -69 + k. Calculate the remainder when 22 is divided by (17 + -19)*(-30)/4 + d.
9
Let b = -29 + 44. Let c be b/10*80/3. Let l = -30 + c. What is the remainder when 77 is divided by l?
7
Let b(m) = -2*m**3 - 4*m**2 + m + 7. What is the remainder when ((-1)/(-1))/(19/3325) is divided by b(-3)?
21
Let i(f) = 3*f**3 - 13*f**2 + 26*f - 109. Let h = 13 + -8. Suppose 0 = -h*m - 14 + 59. Calculate the remainder when i(5) is divided by m.
8
Suppose -3*x = -21 - 15. Let g be 1016/x*(-9)/(-2). Suppose 0 = 47*v - 50*v + g. What is the remainder when v is divided by 26?
23
Calculate the remainder when 930 is divided by 22/6 + (-80)/120 - -457.
10
Let k(l) = -99*l - 29. Let y be k(-3). Let v = y + -250. What is the remainder when v is divided by 1?
0
Suppose -153*m + 928 = -72*m - 73*m. Calculate the remainder when 459 is divided by m.
111
Suppose -x - 5*v = -1, 3*v - 4 = 7*v. Let y = 50 - -13. Calculate the remainder when (-505)/(-45) + (-14)/y is divided by x.
5
Suppose 20 = -r + 103. Suppose -5*w + r = 4*o, 0 = 2*w - 0*w - 5*o - 53. Suppose 0 = 74*n + 4292 - 8066. What is the remainder when n is divided by w?
13
Let a = 159 - 154. Suppose -7*c - 24 = -u - 5*c, -a*u - 5*c = -195. Calculate the remainder when 100 is divided by u.
32
Calculate the remainder when (-1617)/2*((-4)/15)/((-134)/(-335)) is divided by 16.
11
Let c(i) = i**2 + 15*i + 28. Let z be c(-14). Let u(n) = 4*n - 21. Calculate the remainder when (-2)/(-2) + (5 - -124 - -9) is divided by u(z).
34
What is the remainder when 522 is divided by (-40704)/(-2816) - (-6)/11?
12
Suppose 0 = -173*t + 172*t. Suppose -4*a - 3 - 5 = t, 146 = 4*j - a. What is the remainder when j is divided by 4?
0
Let r(a) = 12*a + 2. Let u(v) = v + 3. Let l(b) = -r(b) - 3*u(b). Calculate the remainder when 50 is divided by l(-2).
12
Let m(i) = 8*i**2 - 124*i + 654. What is the remainder when 1774 is divided by m(6)?
190
Suppose -4*f - 463 = 45. Let z = -99 - f. Calculate the remainder when 165 is divided by z.
25
Let p(f) = f**3 - 51*f**2 - 91*f - 730. Calculate the remainder when 338 is divided by p(53).
13
Suppose 1 = -50*y + 1376 + 2075. What is the remainder when y is divided by 64?
5
Calculate the remainder when 781 is divided by (-17013)/(-107)*10/6.
251
Suppose -4*a + 18*r - 15*r = -267, -5*a = 5*r - 325. Calculate the remainder when 238 is divided by a.
40
Let q = -620 + 632. What is the remainder when 109 is divided by 276/8*((-28)/q - -3)?
17
Let r(g) = -76*g - 2091. What is the remainder when 661 is divided by r(-28)?
32
Let s be (-1*2 - (11 + -13))/(-2). Suppose s = 8*o - 59 - 61. Calculate the remainder when 117 is divided by o.
12
Suppose 3*c - 11 - 5 = d, 12 = 2*c - d. Let z = -337 + 478. Suppose -z = -2*a - a. What is the remainder when a is divided by c?
3
Suppose 43*z - 44*z - 374 = -5*q, 3*z - 78 = -q. Suppose -82*c + 2345 = -q*c. What is the remainder when c is divided by 12?
11
Let n(i) = i**3 + 11*i**2 + 17*i + 15. Let s be n(-9). Suppose -5*y - 3*f = -125, 26*f = y + s*f - 12. What is the remainder when 39 is divided by y?
17
Let o(h) = -h**3 + 2*h**2 + 62*h - 155. Suppose -4*w = 4*p - 52, 0 = w + 5*p - 2 - 7. What is the remainder when o(7) is divided by w?
6
Let u(c) = 2*c**3 - 69*c**2 - 18*c + 1780. Calculate the remainder when 221 is divided by u(34).
5
Suppose 2*w = 7*w - 235. Suppose -5*c = -4*q - w, 3*q + 0 = c - 5. Suppose 25*d = 580 + 445. Calculate the remainder when d is divided by c.
8
Let c = 72 + -40. Let t = 230 - c. What is the remainder when t is divided by 51?
45
Suppose t + 1616 - 1547 = v, v + 4*t = 14. What is the remainder when v is divided by ((-8)/(-3))/((-2)/(-12))?
10
Suppose 5*o - 2*t - 1761 = 0, -155 = 3*o - 3*t - 1217. What is the remainder when o is divided by 96?
63
Let k = -22 - -80. Suppose 268 = 62*t - k*t. Suppose -18*d + t = 13. What is the remainder when 39 is divided by d?
